
4
What is the units digit of 557950177?
7
What is the tens digit of 206120674?
7
What is the thousands digit of 3973298?
3
What is the hundreds digit of 526686552?
5
What is the units digit of 1072245627?
7
What is the billions digit of 1144739434?
1
What is the ten millions digit of 3989690154?
8
What is the hundreds digit of 174859674?
6
What is the ten thousands digit of 1076967188?
6
What is the tens digit of 2829487093?
9
What is the units digit of 173619033?
3
What is the thousands digit of 17111470?
1
What is the tens digit of 60246941?
4
What is the ten thousands digit of 178534010?
3
What is the hundreds digit of 24527515?
5
What is the tens digit of 23327805?
0
What is the thousands digit of 711726776?
6
What is the hundreds digit of 1745219376?
3
What is the ten thousands digit of 267132104?
3
What is the hundred millions digit of 236525913?
2
What is the thousands digit of 252722164?
2
What is the thousands digit of 2604276590?
6
What is the hundred thousands digit of 480385802?
3
What is the ten thousands digit of 122319256?
1
What is the ten thousands digit of 263325503?
2
What is the millions digit of 30154758?
0
What is the millions digit of 6085007?
6
What is the ten millions digit of 11641680?
1
What is the ten millions digit of 11171957?
1
What is the hundred millions digit of 260157970?
2
What is the hundred millions digit of 101770815?
1
What is the hundreds digit of 51510005?
0
What is the ten millions digit of 11101225?
1
What is the ten millions digit of 140200652?
4
What is the ten millions digit of 154147726?
5
What is the thousands digit of 149676826?
6
What is the hundred thousands digit of 81650197?
6
What is the ten millions digit of 1971770469?
7
What is the thousands digit of 37736281?
6
What is the hundred thousands digit of 40496052?
4
What is the hundred thousands digit of 2783067?
7
What is the hundred thousands digit of 697930484?
9
What is the hundred millions digit of 865782553?
8
What is the tens digit of 62974926?
2
What is the tens digit of 320750858?
5
What is the hundred thousands digit of 49944458?
9
What is the hundred millions digit of 111863555?
1
What is the millions digit of 18442670?
8
What is the tens digit of 256390435?
3
What is the ten millions digit of 98538387?
9
What is the thousands digit of 713484989?
4
What is the millions digit of 390223716?
0
What is the millions digit of 56899440?
6
What is the hundred thousands digit of 84586114?
5
What is the billions digit of 3492206723?
3
What is the billions digit of 2084948056?
2
What is the ten millions digit of 255522893?
5
What is the hundred millions digit of 297974984?
2
What is the tens digit of 36005187?
8
What is the millions digit of 21332548?
1
What is the billions digit of 1510747017?
1
What is the hundred thousands digit of 44586398?
5
What is the units digit of 281602792?
2
What is the units digit of 1285610867?
7
What is the thousands digit of 4735741745?
1
What is the tens digit of 3846203783?
8
What is the tens digit of 1110703451?
5
What is the ten millions digit of 521090068?
2
What is the hundred thousands digit of 77446392?
4
What is the thousands digit of 693514273?
4
What is the millions digit of 11094729?
1
What is the thousands digit of 21597294?
7
What is the hundred thousands digit of 3664682731?
6
What is the millions digit of 462268858?
2
What is the hundred thousands digit of 707771227?
7
What is the hundreds digit of 535434308?
3
What is the hundred millions digit of 246488183?
2
What is the ten millions digit of 12186861?
1
What is the millions digit of 1584237059?
4
What is the hundred millions digit of 197443642?
1
What is the hundreds digit of 74475043?
0
What is the ten thousands digit of 264634902?
3
What is the tens digit of 89573472?
7
What is the ten millions digit of 103955473?
0
What is the tens digit of 38255608?
0
What is the units digit of 51809838?
8
What is the units digit of 674361319?
9
What is the thousands digit of 8376079923?
9
What is the ten millions digit of 22246886?
2
What is the ten thousands digit of 4400494461?
9
What is the units digit of 185602877?
7
What is the ten millions digit of 5374199691?
7
What is the ten thousands digit of 1438077537?
7
What is the hundred millions digit of 6293857251?
2
What is the hundred thousands digit of 94996382?
9
What is the hundred thousands digit of 152454470?
4
What is the tens digit of 1365820605?
0
What is the ten thousands digit of 121547791?
4
What is the units digit of 126827979?
9
What is the hundred thousands digit of 851219123?
2
What is the tens digit of 397450?
5
What is the thousands digit of 913233026?
3
What is the hundred thousands digit of 436326528?
3
What is the ten millions digit of 41686620?
4
What is the hundred thousands digit of 941562533?
5
What is the hundred millions digit of 596640657?
5
What is the tens digit of 13039558?
5
What is the tens digit of 674235946?
4
What is the ten millions digit of 91152596?
9
What is the tens digit of 11429944?
4
What is the hundred thousands digit of 120305628?
3
What is the hundred millions digit of 3847845589?
8
What is the hundreds digit of 236456559?
5
What is the hundreds digit of 206952731?
7
What is the thousands digit of 417137964?
7
What is the hundreds digit of 6365893?
8
What is the thousands digit of 4333511092?
1
What is the ten millions digit of 969448331?
6
What is the thousands digit of 3444468486?
8
What is the thousands digit of 351901531?
1
What is the units digit of 54068045?
5
What is the ten millions digit of 229124680?
2
What is the hundreds digit of 2584613826?
8
What is the units digit of 55075881?
1
What is the hundred millions digit of 2549597917?
5
What is the ten millions digit of 133372548?
3
What is the thousands digit of 292157600?
7
What is the ten millions digit of 316629481?
1
What is the units digit of 2472492?
2
What is the millions digit of 1231366777?
1
What is the millions digit of 71248100?
1
What is the millions digit of 55199818?
5
What is the ten millions digit of 155171237?
5
What is the millions digit of 241274911?
1
What is the hundreds digit of 641177579?
5
What is the units digit of 4591243603?
3
What is the thousands digit of 2523174146?
4
What is the tens digit of 63289963?
6
What is the units digit of 275250129?
9
What is the hundred millions digit of 240641995?
2
What is the hundred millions digit of 4870519882?
8
What is the tens digit of 339181473?
7
What is the hundred thousands digit of 5929171454?
1
What is the tens digit of 2385557594?
9
What is the billions digit of 4471241285?
4
What is the tens digit of 110872000?
0
What is the units digit of 138788335?
5
What is the hundreds digit of 397840246?
2
What is the ten millions digit of 37019590?
3
What is the units digit of 28715849?
9
What is the ten thousands digit of 21640110?
4
What is the millions digit of 56060703?
6
What is the hundreds digit of 7090038?
0
What is the units digit of 16107800?
0
What is the millions digit of 169724539?
9
What is the ten millions digit of 6265865109?
6
What is the units digit of 1610120863?
3
What is the units digit of 31871400?
0
What is the ten thousands digit of 3571125?
7
What is the hundreds digit of 5778812974?
9
What is the millions digit of 3131138708?
1
What is the millions digit of 553174307?
3
What is the hundred millions digit of 145457909?
1
What is the tens digit of 251963101?
0
What is the ten thousands digit of 367920569?
2
What is the tens digit of 3318144876?
7
What is the tens digit of 81521117?
1
What is the hundred millions digit of 1230845576?
2
What is the millions digit of 321784198?
1
What is the ten millions digit of 25768095?
2
What is the ten thousands digit of 2866914519?
1
What is the ten millions digit of 12898400?
1
What is the ten millions digit of 71148163?
7
What is the hundreds digit of 32420541?
5
What is the hundred thousands digit of 158190627?
1
What is the billions digit of 3716749934?
3
What is the hundred thousands digit of 744853299?
8
What is the hundreds digit of 319555211?
2
What is the units digit of 1392792418?
8
What is the ten thousands digit of 55242127?
4
What is the hundreds digit of 814639927?
9
What is the units digit of 83071082?
2
What is the thousands digit of 349200303?
0
What 